{"id":55,"date":"2018-03-24T11:06:07","date_gmt":"2018-03-24T10:06:07","guid":{"rendered":"http:\/\/greenflow2358.fr\/?page_id=55"},"modified":"2025-05-26T19:18:01","modified_gmt":"2025-05-26T17:18:01","slug":"references","status":"publish","type":"page","link":"https:\/\/greenflow2358.fr\/index.php\/references\/","title":{"rendered":"R\u00e9f\u00e9rences Clients"},"content":{"rendered":"<p>[et_pb_section fb_built=\u00a0\u00bb1&Prime; admin_label=\u00a0\u00bbsection\u00a0\u00bb _builder_version=\u00a0\u00bb4.16&Prime; global_colors_info=\u00a0\u00bb{}\u00a0\u00bb][et_pb_row admin_label=\u00a0\u00bbrow\u00a0\u00bb _builder_version=\u00a0\u00bb4.16&Prime; background_size=\u00a0\u00bbinitial\u00a0\u00bb background_position=\u00a0\u00bbtop_left\u00a0\u00bb background_repeat=\u00a0\u00bbrepeat\u00a0\u00bb global_colors_info=\u00a0\u00bb{}\u00a0\u00bb][et_pb_column type=\u00a0\u00bb4_4&Prime; _builder_version=\u00a0\u00bb4.16&Prime; custom_padding=\u00a0\u00bb|||\u00a0\u00bb global_colors_info=\u00a0\u00bb{}\u00a0\u00bb custom_padding__hover=\u00a0\u00bb|||\u00a0\u00bb][et_pb_text admin_label=\u00a0\u00bbText\u00a0\u00bb _builder_version=\u00a0\u00bb4.16&Prime; background_size=\u00a0\u00bbinitial\u00a0\u00bb background_position=\u00a0\u00bbtop_left\u00a0\u00bb background_repeat=\u00a0\u00bbrepeat\u00a0\u00bb global_colors_info=\u00a0\u00bb{}\u00a0\u00bb]Ci dessous, vous trouverez la liste des clients qui nous font confiance :<\/p>\n<ul>\n<li>le bureau d&rsquo;\u00e9tude en architecture naval H&amp;T : www.architecture-navale.net<\/li>\n<li>l&rsquo;architecte naval Philippe Briand: http:\/\/www.philippebriand.com\/<\/li>\n<li>le chantier naval Allais : http:\/\/www.chantiersallais.fr\/<\/li>\n<li>le chantier B\u00e9n\u00e9teau : http:\/\/www.beneteau.com\/fr<\/li>\n<li>le groupe d&rsquo;ing\u00e9nierie BTP Artelia: https:\/\/www.arteliagroup.com\/fr<\/li>\n<li>la soci\u00e9t\u00e9 EcoconceptMarine : https:\/\/www.ecoconceptmarine.com\/<\/li>\n<li>BYD : http:\/\/www.bydgroup.com\/<\/li>\n<\/ul>\n<p>En plus des clients, nous collaborons \u00e0 l&rsquo;\u00e9laboration d&rsquo;une antenne fran\u00e7aise bas\u00e9e \u00e0 Nantes pour l&rsquo;international wind ship association : http:\/\/wind-ship.org\/fr\/international-windship-association-page-daccueil\/[\/et_pb_text][\/et_pb_column][\/et_pb_row][\/et_pb_section]<\/p>\n","protected":false},"excerpt":{"rendered":"<p>Ci dessous, vous trouverez la liste des clients qui nous font confiance : le bureau d&rsquo;\u00e9tude en architecture naval H&amp;T : www.architecture-navale.net l&rsquo;architecte naval Philippe Briand: http:\/\/www.philippebriand.com\/ le chantier naval Allais : http:\/\/www.chantiersallais.fr\/ le chantier B\u00e9n\u00e9teau : http:\/\/www.beneteau.com\/fr le groupe d&rsquo;ing\u00e9nierie BTP Artelia: https:\/\/www.arteliagroup.com\/fr la soci\u00e9t\u00e9 EcoconceptMarine : https:\/\/www.ecoconceptmarine.com\/ BYD : http:\/\/www.bydgroup.com\/ En plus des [&hellip;]<\/p>\n","protected":false},"author":1,"featured_media":0,"parent":0,"menu_order":0,"comment_status":"closed","ping_status":"closed","template":"","meta":{"_et_pb_use_builder":"on","_et_pb_old_content":"Ci dessous, vous trouverez la liste des clients qui nous font confiance :\r\n<ul>\r\n \t<li>le bureau d'\u00e9tude en architecture naval H&amp;T : www.architecture-navale.net<\/li>\r\n \t<li>l'architecte naval Philippe Briand: http:\/\/www.philippebriand.com\/<\/li>\r\n \t<li>le chantier naval Allais : http:\/\/www.chantiersallais.fr\/<\/li>\r\n \t<li>le chantier B\u00e9n\u00e9teau : http:\/\/www.beneteau.com\/fr<\/li>\r\n \t<li>le groupe d'ing\u00e9nierie BTP Artelia: https:\/\/www.arteliagroup.com\/fr<\/li>\r\n \t<li>la soci\u00e9t\u00e9 EcoconceptMarine : https:\/\/www.ecoconceptmarine.com\/<\/li>\r\n \t<li>BYD : http:\/\/www.bydgroup.com\/<\/li>\r\n<\/ul>\r\nEn plus des clients, nous collaborons \u00e0 l'\u00e9laboration d'une antenne fran\u00e7aise bas\u00e9e \u00e0 Nantes pour l'international wind ship association : http:\/\/wind-ship.org\/fr\/international-windship-association-page-daccueil\/","_et_gb_content_width":"","footnotes":""},"class_list":["post-55","page","type-page","status-publish","hentry"],"jetpack_sharing_enabled":true,"_links":{"self":[{"href":"https:\/\/greenflow2358.fr\/index.php\/wp-json\/wp\/v2\/pages\/55","targetHints":{"allow":["GET"]}}],"collection":[{"href":"https:\/\/greenflow2358.fr\/index.php\/wp-json\/wp\/v2\/pages"}],"about":[{"href":"https:\/\/greenflow2358.fr\/index.php\/wp-json\/wp\/v2\/types\/page"}],"author":[{"embeddable":true,"href":"https:\/\/greenflow2358.fr\/index.php\/wp-json\/wp\/v2\/users\/1"}],"replies":[{"embeddable":true,"href":"https:\/\/greenflow2358.fr\/index.php\/wp-json\/wp\/v2\/comments?post=55"}],"version-history":[{"count":5,"href":"https:\/\/greenflow2358.fr\/index.php\/wp-json\/wp\/v2\/pages\/55\/revisions"}],"predecessor-version":[{"id":634,"href":"https:\/\/greenflow2358.fr\/index.php\/wp-json\/wp\/v2\/pages\/55\/revisions\/634"}],"wp:attachment":[{"href":"https:\/\/greenflow2358.fr\/index.php\/wp-json\/wp\/v2\/media?parent=55"}],"curies":[{"name":"wp","href":"https:\/\/api.w.org\/{rel}","templated":true}]}}